and 93573?
333
What is the greatest common factor of 430 and 14470?
10
Calculate the greatest common divisor of 129387 and 157896.
2193
Calculate the highest common divisor of 25193 and 40061.
413
Calculate the highest common factor of 134376 and 1320.
264
Calculate the highest common divisor of 543 and 696.
3
What is the highest common factor of 16950 and 240?
30
Calculate the greatest common divisor of 10 and 2224370.
10
What is the highest common divisor of 190 and 2270?
10
Calculate the greatest common factor of 405 and 524565.
45
Calculate the greatest common divisor of 6205 and 3145.
85
What is the greatest common factor of 2023 and 119?
119
Calculate the greatest common factor of 6345 and 4185.
135
Calculate the greatest common divisor of 319 and 116.
29
Calculate the highest common factor of 10411 and 718.
359
What is the highest common factor of 224 and 666708?
28
What is the greatest common divisor of 278559 and 76?
19
Calculate the highest common factor of 1485 and 42174.
297
Calculate the greatest common divisor of 81601 and 13.
13
What is the greatest common divisor of 1852 and 3270632?
1852
What is the greatest common divisor of 16662 and 24?
6
What is the highest common divisor of 16 and 171632?
16
Calculate the greatest common divisor of 909 and 1251.
9
Calculate the highest common divisor of 3981469 and 361.
361
Calculate the greatest common factor of 3188434 and 58.
58
Calculate the highest common factor of 15519 and 399.
21
Calculate the highest common divisor of 76 and 6280412.
76
What is the highest common factor of 1920 and 2868?
12
What is the highest common factor of 1136 and 2793424?
1136
What is the highest common divisor of 2295 and 4995?
135
What is the highest common divisor of 203 and 8468?
29
Calculate the greatest common divisor of 453678 and 1328.
166
What is the greatest common divisor of 6851 and 119?
17
What is the highest common factor of 4450 and 19402?
178
Calculate the highest common factor of 1794 and 64032.
138
Calculate the highest common factor of 13491 and 3177.
9
Calculate the highest common factor of 12056 and 16.
8
Calculate the greatest common divisor of 109 and 7303.
109
Calculate the highest common factor of 255884 and 11713.
901
What is the greatest common divisor of 101 and 28?
1
What is the highest common divisor of 36938 and 73?
73
Calculate the highest common factor of 17232 and 240.
48
Calculate the greatest common divisor of 241 and 11327.
241
What is the greatest common factor of 2 and 6983?
1
What is the greatest common divisor of 13268 and 589?
31
Calculate the greatest common factor of 19836 and 3.
3
What is the greatest common divisor of 32 and 263392?
32
Calculate the greatest common divisor of 2980638 and 486.
486
Calculate the greatest common divisor of 304392 and 72.
24
What is the highest common divisor of 4082 and 2327?
13
Calculate the highest common divisor of 20 and 1683205.
5
What is the highest common factor of 778974 and 476?
238
Calculate the highest common factor of 3537 and 3275.
131
What is the highest common factor of 848 and 2608?
16
What is the highest common factor of 72 and 21048?
24
Calculate the highest common divisor of 1582 and 1344.
14
Calculate the greatest common divisor of 156572 and 208.
52
What is the greatest common divisor of 11 and 3203607?
11
Calculate the greatest common factor of 2019 and 150079.
673
What is the highest common divisor of 19690 and 1074?
358
What is the highest common factor of 31808 and 952?
56
What is the greatest common factor of 216 and 112968?
216
What is the greatest common factor of 55 and 22635?
5
What is the highest common factor of 416224 and 32?
32
What is the highest common divisor of 8 and 1044?
4
What is the greatest common divisor of 4512 and 504?
24
Calculate the highest common factor of 644 and 2282.
14
Calculate the highest common factor of 14501 and 459.
17
What is the highest common factor of 22 and 2782?
2
What is the greatest common factor of 7 and 175?
7
What is the greatest common factor of 92 and 238579?
23
Calculate the greatest common divisor of 225 and 42275.
25
What is the greatest common factor of 5496085 and 70?
35
Calculate the highest common divisor of 81 and 30321.
27
What is the greatest common factor of 1036 and 32449?
37
What is the highest common factor of 1472 and 110952?
184
What is the highest common divisor of 2124 and 1728228?
708
Calculate the highest common factor of 33 and 133606.
11
Calculate the highest common factor of 15 and 4260.
15
Calculate the highest common factor of 175 and 280.
35
What is the highest common divisor of 349515 and 405?
405
Calculate the highest common divisor of 656450 and 570.
190
Calculate the highest common factor of 20911 and 22.
11
What is the greatest common factor of 466663 and 47?
47
Calculate the highest common factor of 1232 and 40880.
112
What is the greatest common factor of 69 and 368943?
69
Calculate the greatest common divisor of 116857 and 246844.
1313
What is the highest common divisor of 4924 and 1?
1
What is the highest common factor of 203501 and 394?
197
Calculate the highest common factor of 53670 and 270.
30
Calculate the greatest common divisor of 572 and 319748.
572
What is the highest common divisor of 1765 and 109783?
353
What is the greatest common divisor of 141 and 68855?
47
Calculate the highest common factor of 41873 and 104.
13
What is the highest common factor of 61 and 612379?
61
Calculate the highest common factor of 12939 and 855.
57
Calculate the highest common divisor of 1564472 and 637.
637
Calculate the highest common factor of 1340 and 68876.
268
What is the highest common divisor of 41495 and 9245?
215
Calculate the highest common divisor of 37850 and 100.
50
What is the highest common factor of 19 and 5550?
1
What is the highest common factor of 70304 and 3887?
169
Calculate the highest common divisor of 754 and 372650.
58
Calculate the greatest common factor of 747326 and 148.
74
Calculate the greatest common factor of 316704 and 672.
96
Calculate the greatest common divisor of 371089 and 304.
19
What is the greatest common divisor of 1863 and 68011?
23
What is the greatest common factor of 3818 and 1743?
83
Calculate the greatest common factor of 2775 and 370.
185
Calculate the highest common factor of 11270 and 2940.
490
Calculate the highest common factor of 5736 and 3432.
24
What is the highest common factor of 252 and 106659?
63
Calculate the greatest common factor of 84 and 1860.
12
What is the greatest common divisor of 18 and 14211?
9
What is the greatest common factor of 72721 and 484?
121
Calculate the greatest common divisor of 23 and 45724.
23
Calculate the highest common factor of 459 and 697.
17
What is the greatest common factor of 1403502 and 6?
6
Calculate the greatest common divisor of 413497 and 1330.
133
What is the highest common divisor of 306241 and 13?
13
What is the greatest common divisor of 84027 and 53747?
757
What is the greatest common factor of 54 and 2898?
18
What is the highest common divisor of 974574 and 4698?
522
Calculate the greatest common divisor of 5258 and 946.
22
What is the greatest common factor of 1629 and 8?
1
Calculate the greatest common factor of 3500 and 97300.
700
Calculate the greatest common factor of 4653 and 8601.
141
Calculate the greatest common divisor of 38792 and 156.
52
Calculate the highest common factor of 1000 and 87625.
125
What is the highest common divisor of 163395 and 90?
45
What is the highest common divisor of 7367 and 314001?
139
Calculate the highest common divisor of 314 and 170502.
314
Calculate the highest common factor of 1884 and 123873.
471
Calculate the highest common divisor of 24 and 1293.
3
What is the greatest common factor of 130 and 74230?
130
Calculate the greatest common divisor of 9462 and 14442.
498
What is the highest common divisor of 60 and 4044?
12
What is the greatest common divisor of 32 and 85552?
16
What is the highest common divisor of 2352 and 13083?
147
What is the greatest common divisor of 1252 and 2?
2
Calculate the highest common factor of 3755206 and 47.
47
Calculate the highest common factor of 1029 and 439089.
147
Calculate the highest common divisor of 81060 and 1020.
60
What is the greatest common div